 = -s. Let h(f) = -3*f + 5. Let x be h(2). Let k be x/(1/4) - -22. What is the highest common divisor of s and k?
18
Suppose -9 = -5*a + 6. Let s be (a/(-9))/(3/(-81)). What is the greatest common divisor of s and 72?
9
Let j(v) = 15*v**2 + 1. Let g be j(1). What is the greatest common factor of g and 208?
16
Let h(i) = 12*i**2 + 4*i - 2. Let d be h(4). Suppose -4*j = -a - d, -2 = -3*a - 8. Let r = j + -15. What is the highest common divisor of 9 and r?
9
Suppose 7*z - 85 = 125. Calculate the greatest common divisor of 10 and z.
10
Suppose 13*z + 47 = 229. Calculate the greatest common factor of 112 and z.
14
Suppose n + n - 38 = 4*g, g = -4. Let s = n - -9. Suppose s = -x + 5*x. What is the highest common factor of 5 and x?
5
Let v be ((-27)/(-12) + -1)*4. Suppose 0 = -5*c + c + 64. Suppose 4*x + c = -4*h, 0*x = -2*x - 10. Calculate the greatest common divisor of v and h.
1
Let m(i) = i**2 + 3. Let j be m(0). Suppose -5*f + j = -7. Let l(g) = -g**3 - g**2 + g + 4. Let u be l(0). Calculate the highest common factor of f and u.
2
Suppose -3*r = r - 80. Let u be (-528)/2*(-15)/r. What is the highest common factor of u and 22?
22
Let y = 256 - 145. What is the highest common divisor of y and 74?
37
Suppose 7 = 3*x - 0*k + k, 3*x - 4*k + 13 = 0. Let r = x - -11. Suppose w = -3*w + 384. What is the greatest common divisor of w and r?
12
Let u = 9 - 9. Suppose -2*s - 2*s - 4*l + 36 = u, 21 = -s + 5*l. Suppose -p - 4 + 15 = -s*n, 22 = 2*p + 2*n. Calculate the highest common divisor of 44 and p.
11
Suppose -5*n - 5*v + 32 = -23, 4*v + 26 = n. Calculate the greatest common divisor of 21 and n.
7
Suppose 2*i - 3*j - 2 = 7, -3*i - j + 8 = 0. Suppose -4*k = -i*k - 3. Suppose 20 + 40 = k*b. What is the highest common factor of b and 8?
4
Let n = -48 - -74. Calculate the highest common divisor of n and 65.
13
Let n(q) = q**3 + 10 + 4*q**2 + 4*q - 13*q + 3*q**2. Let t be n(-8). Let s be 7 + 2/2 - 2. Calculate the highest common divisor of t and s.
6
Let s be ((-30)/(-4))/5*(-56)/(-12). Suppose -23 + 78 = k. Suppose 0 = -3*b + 2*z + k, 3*z - 30 = -b + 3. What is the highest common divisor of b and s?
7
Suppose 2*l - 52 = -4*k, -2*l - 2*k = 26 - 82. Let u(c) = -c + 7. Let v be u(-8). What is the highest common divisor of l and v?
15
Let t = 8 + -8. Suppose 0 = 4*g - 5*g - 2, -z + 2*g + 32 = t. What is the greatest common factor of 42 and z?
14
Suppose -q + 47 = 36. What is the greatest common divisor of q and 22?
11
Suppose 0 = -0*l - l + 1. Let c be l + (-1 + 9)*1. What is the greatest common factor of c and 9?
9
Let u(h) be the second derivative of -1/2*h**2 - 1/3*h**3 + h + 0. Let j be u(-6). Calculate the highest common divisor of j and 33.
11
Let h(w) = 12*w + 4. Let q be h(3). Suppose 0 = -c - 3 + 10. Let r be (6 - c)/((-2)/16). What is the highest common divisor of r and q?
8
Let o(j) = -j**2 + 12*j - 7. Let q be o(6). Let v = -17 - -35. Let g = q - v. Calculate the highest common factor of 44 and g.
11
Let a be ((-4)/(-5))/(2/85). Let q = a - 22. Calculate the highest common divisor of q and 18.
6
Let u = 0 - -3. Calculate the highest common factor of u and 3.
3
Let s be 0/1 + 34 + 0. Let v = s - 16. Suppose 0 = -8*x - x + 18. Calculate the greatest common divisor of v and x.
2
Let l(d) = 2*d**2 - 5*d - 10. Let s be l(-8). Suppose -41 + s = r. Calculate the greatest common divisor of r and 13.
13
Suppose -z + 2*f + 8 = 0, -4*z - z - 3*f = -40. Calculate the greatest common factor of z and 40.
8
Let y be -6*(-20)/24*3. What is the highest common divisor of y and 15?
15
Suppose 3*b - 40 = b. Let c(u) = u + 4. Let v be c(0). Suppose -4*y + 3*k + 237 = 0, k + 179 = -y + v*y. What is the greatest common divisor of y and b?
20
Suppose -7*m = -2*m - 440. Calculate the highest common factor of m and 22.
22
Suppose 20 = p + 4*p. Suppose -4*v + 4*w = p, 5*v - 2*w = 2*w. Let u(f) = f**2 + 15*f + 24. Let h be u(-14). What is the greatest common divisor of h and v?
2
Suppose -11*p + 5*p = -156. Calculate the highest common divisor of p and 78.
26
Suppose -5*a + 4*k = -111 + 42, 5*a + 4*k = 101. Suppose -12*d + 959 = 143. What is the greatest common divisor of d and a?
17
Let r be 2/8 + (-565)/20. Let f be 70/9 + r/(-126). What is the highest common factor of f and 32?
8
Let p be ((-36)/(-10))/((-2)/(-10)). Suppose 250 = 2*o - 2*k, 0*o + 3*k - 633 = -5*o. What is the highest common divisor of p and o?
18
Suppose 0 = -8*x - 122 + 1002. Let w be (-1 - -10)*(0 + 1). Let q = w - -1. What is the highest common divisor of x and q?
10
Suppose 0 = 5*s + 5*h - 200, 55 = s - 2*h - 0*h. Calculate the greatest common factor of s and 9.
9
Let s(v) = v + 1. Let a be s(6). Let q = -5 + a. Let x be 2 - (-6)/(q/1). Calculate the greatest common divisor of 1 and x.
1
Let q = -5 + 10. Suppose q*s + 1 = -29. Let m be (-2)/s + (-29)/(-3). What is the highest common factor of m and 10?
10
Suppose 0 = -z - 4*m, 4*z - 90 = -0*m + 2*m. Calculate the highest common divisor of z and 10.
10
Suppose 5*f = f + 12. Suppose f*x = p + 24, x = -2*x - p + 30. What is the highest common factor of x and 9?
9
Let j be (-80)/(-6)*(-126)/(-12). Calculate the highest common divisor of 14 and j.
14
Let g = -79 - -90. What is the highest common factor of g and 209?
11
Suppose -21 - 1 = -11*h. Calculate the greatest common divisor of h and 3.
1
Let n(c) = -61*c - 3. Let t be n(-2). Calculate the highest common factor of 17 and t.
17
Let a = -24 - -33. What is the greatest common factor of 63 and a?
9
Let r(y) = 10*y**2 + 9*y - 7. Let v be r(5). Calculate the highest common divisor of v and 18.
18
Let u be 5/30 + 428/24. What is the highest common factor of 9 and u?
9
Suppose -5*c + 115 - 30 = 5*o, -3*c + 56 = -2*o. What is the highest common factor of 2 and c?
2
Let n be ((-5)/(-10))/((-2)/(-24)). What is the highest common factor of n and 12?
6
Let u be (-10)/15 - (-233)/3. Let x be -4 + 2 + 0 + 22. Suppose 2 = 2*v - x. Calculate the highest common factor of u and v.
11
Let h = 57 - 44. Let k = -28 + 41. What is the greatest common factor of h and k?
13
Let s = 24 + -11. Let v = 4 + -4. Suppose 2*a - 179 = -q, -a + v*a = q - 88. Calculate the greatest common divisor of a and s.
13
Let p(s) = s**2 + 7*s - 13. Let h = -18 - -9. Let j be p(h). Suppose -2*d = -j*k + 16, k - 4*d + 7 = 3. What is the highest common factor of k and 2?
2
Let u = -2 + 2. Suppose 4*a - 54 = -5*n, 2*n - 48 = -u*n + 5*a. Suppose -14 = 2*z - 4*z. What is the highest common divisor of n and z?
7
Suppose -1 = 4*y + 3. Let w = 6 + y. Let m be 36 + 1*(-2 - -1). Calculate the highest common divisor of w and m.
5
Suppose -z = 5*v - 21, -3*v + 2*z + 9 = -z. Let i be 256/24 + v/(-6). What is the highest common factor of i and 10?
10
Let b be (-10)/(-4)*(-18)/(-3). Let r(k) = k**2 - 7*k - 4. Let u be r(6). Let s be (u/4)/((-2)/12). What is the greatest common factor of b and s?
15
Suppose 80 = 2*k + 2*k. Suppose 0 = -5*d - 3*u + k, -5*u + 14 = 2*d + 6. Suppose d = -z + 5. Calculate the greatest common divisor of 1 and z.
1
Suppose -5*x + 0*x = 0. Suppose x*p - 33 = -3*p. What is the highest common factor of 44 and p?
11
Let n = 32 + 0. Let i = -3 - -1. Let z be (-1)/i + (-30)/(-4). Calculate the highest common divisor of n and z.
8
Let m be 6/(-2) + 49 + 2. Calculate the greatest common factor of m and 3.
3
Suppose 6*m = 2*m + 8. What is the greatest common factor of m and 10?
2
Suppose 3*w = -2*t + 124 + 141, 2*t + 372 = 4*w. Calculate the highest common divisor of 13 and w.
13
Let i = 17 - 10. Let h(f) = 6*f - 3. Let u be h(i). Calculate the highest common factor of u and 26.
13
Suppose 0 = 2*t + 2*t - 2*y - 50, y = 5. Let n(v) = -33*v + 3. Let z be n(-4). What is the highest common factor of z and t?
15
Let p(h) = -8*h - 2. Let w be p(-3). Suppose 4*f - 3*f = 33. What is the greatest common factor of f and w?
11
Let j = 98 - 64. Suppose -2*b + 272 = -0*b. What is the highest common divisor of j and b?
34
Suppose 2*g + 2*w = 212, 3*g - 51 = -4*w + 272. Suppose 5*m + 4*k + g = 289, 5*k - 105 = -3*m. Calculate the greatest common divisor of 16 and m.
8
Suppose -2*x + 0 + 2 = 0. Let f be 2 - (x + (-2)/1). Calculate the highest common divisor of 3 and f.
3
Let v(a) = -5*a - 1. Let g(c) = -14*c - 4. Let z(x) = -2*g(x) + 7*v(x). Let f be z(-2). 